ided by 4?
1
Suppose 0 = -l - 5*j - 3 + 5, -3*l + 44 = -4*j. Suppose -3*r + 184 = r. What is the remainder when r is divided by l?
10
Let a(y) = 2*y + 1. Let r be a(7). Calculate the remainder when r/(-10) - 25/(-2) is divided by 3.
2
Let x(t) = t**3 + 6*t**2 + t - 12. What is the remainder when x(-5) is divided by 5?
3
Suppose -2*z = 4*v - 28, -2*z + 2*v - 5 = -39. Let f(l) = -l**2 - 5*l + 4. Let k be f(-5). Let n = 2 + k. What is the remainder when z is divided by n?
4
Let s = 10 + 3. What is the remainder when 2 + -1 + (2 - -34) is divided by s?
11
Let u(y) = 4*y - 8 + 2 - 2*y. Let a be u(4). Suppose 0 = a*t - 4. What is the remainder when 4 is divided by t?
0
Let r = 36 - 10. Suppose 6*v = 4*v + r. Calculate the remainder when 25 is divided by v.
12
Suppose -3*y - 78 = -m, m + 3*y = 5*y + 75. Calculate the remainder when m is divided by (-108)/15*10/(-3).
21
What is the remainder when 2/(-14) + 590/14 is divided by 15?
12
Let u(f) = 0*f**3 - 3 + f**3 - 3*f + 3*f**2 - 3*f. Let o be u(-4). Suppose -2*s - i = -46, 41 = s - o*i + i. What is the remainder when s is divided by 9?
7
Suppose -w + 0*w - 519 = -5*g, 412 = 4*g - 4*w. Calculate the remainder when g is divided by 36.
32
Suppose 5*q = 10*q - 40. Calculate the remainder when 38 is divided by q.
6
Let n(y) = y - 2*y + 0*y + 2 + 3. Calculate the remainder when 34 is divided by n(-4).
7
Let k(g) = -5 - 2*g + 2 + 0*g + 2. Let u be k(7). What is the remainder when (14/3)/((-2)/u) is divided by 19?
16
Suppose -3*r + 33 = 2*r + 4*z, 26 = 4*r + 3*z. Let l be (1 + -2)/((-2)/46). Let q = l - 15. Calculate the remainder when q is divided by r.
3
Suppose 2*b + 16 = 50. Calculate the remainder when 33 is divided by b.
16
Let m(q) = -q - 4 + 0 - 2*q. Calculate the remainder when 41 is divided by m(-5).
8
Let m be 1/(-3 + (-48)/(-15)). Let d(p) = -p - 2. Let i be d(m). Let q = i - -30. What is the remainder when q is divided by 13?
10
Let q(z) = -4*z - 1. Let w be q(6). What is the remainder when (-147)/(-5) + 10/w is divided by 10?
9
Suppose -5*i - 64 = -9*i. What is the remainder when (-1 + 2)*(-122)/(-2) is divided by i?
13
Suppose q = 67 - 17. Suppose 0 = -5*y - 0*y + q. What is the remainder when 18 is divided by y?
8
Calculate the remainder when 168 is divided by -5 + (-2094)/(-54) - (-4)/18.
32
Let i(r) = -2*r + 5. Let u = -11 + 6. What is the remainder when 43 is divided by i(u)?
13
Suppose 0*m = m - 52. Suppose 21 = 4*k - 15. What is the remainder when m is divided by k?
7
Let s(b) = b**3 + 11*b**2 - 6*b + 17. Calculate the remainder when s(-11) is divided by 29.
25
Suppose 0 = 5*x + 3*d - 65, 3*x - 2*d - d = 15. Calculate the remainder when 39 is divided by x.
9
Let j(z) = 6*z**2 + 4*z + 4. What is the remainder when j(-3) is divided by 12?
10
Let c be (4/14)/((-1)/(-21)). Suppose -r + c + 6 = 0. What is the remainder when (-6 + -1)*(-1 + -2) is divided by r?
9
Let g = -5 - -44. Suppose 5*i - 13 = 4*p - 58, 0 = -p + 5*i + 30. Suppose -4*r + p*r - 14 = -a, 2*a + 4*r = 28. What is the remainder when g is divided by a?
11
Let t = -4 - -9. Suppose 67 = 4*l + 2*h + 17, -4*h - 30 = -t*l. Let w(d) = d. Calculate the remainder when l is divided by w(6).
4
Suppose -8*k = -9*k + 2. What is the remainder when 7 is divided by k?
1
What is the remainder when 28/(3/33*2) is divided by 31?
30
Calculate the remainder when 29 is divided by (-4)/(-22) + (-106)/(-22).
4
Let n be ((-3)/2)/((-4)/16). Let z be n/(-2)*50/(-15). Calculate the remainder when 8 is divided by 6*(z/4)/5.
2
Suppose 2*c = -c. Suppose c = -g - 2*g + 183. Calculate the remainder when g is divided by 21.
19
Suppose -4 - 220 = -8*t. What is the remainder when t is divided by 15?
13
Calculate the remainder when 524/4*(0 + -2)/(-2) is divided by 27.
23
What is the remainder when ((-39)/5)/((-8)/40) is divided by 11?
6
Let p be 46/(-3) + 4/(-6). Let n = -1 + 8. Calculate the remainder when 4/p - (-101)/4 is divided by n.
4
Let j be 1/(-4) - 314/(-8). Let o be -2 + 2 - j*-1. Let v = -24 + o. What is the remainder when v is divided by 8?
7
Suppose w + 0*w - 12 = 0. Let b(p) = p**2 + 10*p - 2. Let t be b(-9). Let z = t + 45. Calculate the remainder when z is divided by w.
10
Suppose 16*r - 18*r + 14 = 0. Calculate the remainder when 10 is divided by r.
3
Let i be (-1)/(9/(-6))*3. Let b(x) = 2*x**2 + 2. Let o = 21 + 7. What is the remainder when o is divided by b(i)?
8
Suppose 0 = -m - 4*m + 3*d - 160, 3*m = -3*d - 72. Let l = -21 - m. What is the remainder when 13 is divided by l?
5
Let s(c) = 6*c - 2. Let i be s(2). Let t = -38 - -66. Suppose 2*x - t = i. What is the remainder when x is divided by 7?
5
Suppose q = 4 + 3. Suppose 2*b + 5*u = 15, -3*b - b = -3*u - 95. What is the remainder when b is divided by q?
6
Suppose -3*b = -5*b - 80. Calculate the remainder when (27/(-9))/(6/b) is divided by 11.
9
Suppose -1802 + 668 = -6*p. Calculate the remainder when p is divided by 48.
45
Let b(s) = 3*s**2 - s - 9. Suppose m = 5*n - 15, 3*n - 3*m + m - 16 = 0. Suppose n*d - 13 = 11. What is the remainder when b(4) is divided by d?
11
Let a = -2 - 0. Suppose 0 = 5*q - 11 - 19. Let x = a + q. What is the remainder when 6 is divided by x?
2
Suppose -3 = -x - 0*x. Suppose -4*w - 9 = -x*w - 4*v, -4*w = 3*v - 40. What is the remainder when 20 is divided by w?
6
Suppose -8*f + 13*f - 2*j - 77 = 0, -4*f + 58 = 2*j. What is the remainder when 103 is divided by f?
13
Let n = -34 + 84. What is the remainder when n is divided by 13?
11
What is the remainder when (-20 - 3)/(2 + (-14)/6) is divided by 35?
34
Let s(t) = -t**3 + 5*t**2 - 5*t + 5. Let l be s(4). Let f be l/((12/(-9))/(-4)). Suppose -f*r = -46 - 56. Calculate the remainder when r is divided by 12.
10
Let q be -1 + 3 + -4 + 3. Calculate the remainder when ((-10)/(-25))/(q/85) is divided by 18.
16
Suppose -2*f = f - 60. Calculate the remainder when 15/(-5)*f/(-3) is divided by 11.
9
Suppose x = -x + 8. Suppose -a + 4*l + 57 = x*a, l - 54 = -4*a. Calculate the remainder when a is divided by 8.
5
Let o = 22 - 20. Suppose 42 = 5*c - o*c. What is the remainder when 55 is divided by c?
13
Suppose 0 = 3*n + 3*i + i - 93, -4*n = 5*i - 124. Calculate the remainder when 58 is divided by n.
27
Suppose -3*q = q - 8. Let x be (3 + 0 - -19)/q. Let k = 19 - x. Calculate the remainder when 15 is divided by k.
7
Let h(m) = 17*m**2 + m + 1. Let v = 75 - 43. What is the remainder when v is divided by h(-1)?
15
Suppose 3*w - 6*w = -42. Suppose w + 1 = 3*l + 3*i, 0 = 4*l - 5*i - 29. What is the remainder when 23 is divided by l?
5
Suppose -4*d + 2*d + 12 = 0. Let c = -34 + 50. Calculate the remainder when c is divided by d.
4
Suppose 0 = 24*g - 22*g - 30. Calculate the remainder when 179 is divided by g.
14
Suppose 2*q = -0*q + 24. Suppose -6 = 3*l, 0 = 3*y - 2*l - q - 7. Calculate the remainder when 8 is divided by y.
3
Let t = 5 + 4. Let r(g) = 2*g**3 - 15*g**2 + 10*g - 15. What is the remainder when t is divided by r(7)?
3
Let n(q) = q**3 + 10*q**2 - 13*q - 5. Suppose u = -2*u + 99. What is the remainder when u is divided by n(-11)?
16
What is the remainder when (2 - -25)*(-2 - -3) is divided by 7?
6
Let p = 21 + -10. Let o = -4 + p. Let b(n) = -n**3 + 5*n**2 + 2*n - 7. Calculate the remainder when o is divided by b(5).
1
What is the remainder when (-7 - 0)*-17 + (-35 - -38) is divided by 41?
40
Let i(p) = 6*p - 2. Let s be i(4). What is the remainder when 37 is divided by 423/33 + 4/s?
11
Suppose 0 = 5*o + 4*l - 1184, 784 = 3*o + 3*l + 76. What is the remainder when o is divided by 61?
57
Suppose 72 = 2*w + 5*f - 3*f, -5*w = -3*f - 220. Calculate the remainder when w is divided by 14.
13
Suppose 359 = -2*j + 391. Calculate the remainder when j is divided by 4.
0
Suppose 21 = i + 2*t, -4*i - 3*t + 18 = -51. Calculate the remainder when 73 is divided by i.
13
Let o be (8/(-2) + 2)*-1. Suppose -f - 4 = 3*i + 3, 2*i - 6 = -o*f. Calculate the remainder when f is divided by -3*(1 - (3 + -1)).
2
Suppose -5*n = -2*n - 57. What is the remainder when 73 is divided by n?
16
Calculate the remainder when 7 is divided by (-4)/8*-8 + 1.
2
Let c = 215 - 130. Calculate the remainder when c is divided by 29.
27
Suppose 5*f - f + 4*p = 256, 0 = -5*p - 25. What is the remainder when f is divided by 14?
13
Let u = -3 - -7. Calculate the re